{"id":166,"date":"2023-03-27T11:26:11","date_gmt":"2023-03-27T10:26:11","guid":{"rendered":"https:\/\/www.ifmpan.poznan.pl\/ptf-2023\/?page_id=166"},"modified":"2023-07-14T13:54:08","modified_gmt":"2023-07-14T12:54:08","slug":"oplaty","status":"publish","type":"page","link":"https:\/\/www.ifmpan.poznan.pl\/krysztalki2023\/oplaty\/","title":{"rendered":"Op\u0142aty i Rejestracja"},"content":{"rendered":"\n<p class=\"has-medium-font-size\"><strong>Op\u0142aty konferencyjne<\/strong> <strong>zawieraj\u0105:<\/strong><br><em>&#8211; wy\u017cywienie (obiady, przerwy kawowe)<br>&#8211; wycieczk\u0119<br>&#8211; udzia\u0142 w spotkaniu integracyjnym<br>&#8211; materia\u0142y konferencyjne<\/em><br><br><strong>Uwaga<\/strong>: op\u0142ata konferencyjna nie zawiera koszt\u00f3w zakwaterowania.<\/p>\n\n\n\n<p class=\"has-medium-font-size\"><strong>Wczesna rejestracja &#8211; koszt 550 z\u0142<\/strong> (do 18.06.2023)<br><strong>P\u00f3\u017ana rejestracja &#8211; koszt 650 z\u0142<\/strong> (do 23.07.2023)<\/p>\n\n\n\n<p class=\"has-medium-font-size\"><strong><em><a href=\"https:\/\/www.ifmpan.poznan.pl\/krysztalki2023\/rejestracja\/\" data-type=\"URL\" data-id=\"https:\/\/www.ifmpan.poznan.pl\/krysztalki2023\/rejestracja\/\">Rejestracja<\/a><\/em><\/strong><\/p>\n\n\n\n<p class=\"has-medium-font-size\"><strong><a href=\"https:\/\/www.ifmpan.poznan.pl\/krysztalki2023\/wp-content\/uploads\/2023\/04\/Szablon-streszczenia-KM-2023.docx\" data-type=\"URL\" data-id=\"https:\/\/www.ifmpan.poznan.pl\/krysztalki2023\/wp-content\/uploads\/2023\/04\/Szablon-streszczenia-KM-2023.docx\"><em>Wz\u00f3r streszczenia<\/em><\/a><\/strong><br><br>Streszczenia konferencyjne prosimy przes\u0142a\u0107 na adres e-mail: <a href=\"mailto:krysztalki2023@ifmpan.poznan.pl\">krysztalki2023@ifmpan.poznan.pl<\/a><\/p>\n\n\n\n<p class=\"has-medium-font-size\"><strong>Dane potrzebne do przelewu:<\/strong><br>Instytut Fizyki Molekularnej PAN w Poznaniu<br>Bank Gospodarstwa Krajowego BGK Region Wielkopolski<br>ul. Sk\u0142adowa 5 61-888 Pozna\u0144<br>nr konta <strong>64 1130 1088 0001 3145 4420 0017<\/strong><br><br><strong>w tytule przelewu prosimy o podanie:<\/strong><br><em>Imi\u0119 i Nazwisko, Uczelnia (wydzia\u0142) \/ Instytucja,<\/em><br><em>z dopiskiem Kryszta\u0142ki Molekularne 2023<\/em><\/p>\n","protected":false},"excerpt":{"rendered":"<p>Op\u0142aty konferencyjne zawieraj\u0105:&#8211; wy\u017cywienie (obiady, przerwy kawowe)&#8211; wycieczk\u0119&#8211; udzia\u0142 w spotkaniu integracyjnym&#8211; materia\u0142y konferencyjne Uwaga: op\u0142ata konferencyjna nie zawiera koszt\u00f3w zakwaterowania. Wczesna rejestracja &#8211; koszt 550 z\u0142 (do 18.06.2023)P\u00f3\u017ana rejestracja &#8211; koszt 650 z\u0142 (do 23.07.2023) Rejestracja Wz\u00f3r streszczenia Streszczenia konferencyjne prosimy przes\u0142a\u0107 na adres e-mail: krysztalki2023@ifmpan.poznan.pl Dane potrzebne do przelewu:Instytut Fizyki Molekularnej PAN w &hellip;<\/p>\n<p class=\"read-more\"> <a class=\"\" href=\"https:\/\/www.ifmpan.poznan.pl\/krysztalki2023\/oplaty\/\"> <span class=\"screen-reader-text\">Op\u0142aty i Rejestracja<\/span> Read More &raquo;<\/a><\/p>\n","protected":false},"author":2,"featured_media":0,"parent":0,"menu_order":0,"comment_status":"closed","ping_status":"closed","template":"","meta":{"_eb_attr":"","site-sidebar-layout":"default","site-content-layout":"default","ast-global-header-display":"","ast-main-header-display":"","ast-hfb-above-header-display":"","ast-hfb-below-header-display":"","ast-hfb-mobile-header-display":"","site-post-title":"","ast-breadcrumbs-content":"","ast-featured-img":"","footer-sml-layout":"","theme-transparent-header-meta":"","adv-header-id-meta":"","stick-header-meta":"","header-above-stick-meta":"","header-main-stick-meta":"","header-below-stick-meta":"","footnotes":""},"class_list":["post-166","page","type-page","status-publish","hentry"],"_links":{"self":[{"href":"https:\/\/www.ifmpan.poznan.pl\/krysztalki2023\/wp-json\/wp\/v2\/pages\/166","targetHints":{"allow":["GET"]}}],"collection":[{"href":"https:\/\/www.ifmpan.poznan.pl\/krysztalki2023\/wp-json\/wp\/v2\/pages"}],"about":[{"href":"https:\/\/www.ifmpan.poznan.pl\/krysztalki2023\/wp-json\/wp\/v2\/types\/page"}],"author":[{"embeddable":true,"href":"https:\/\/www.ifmpan.poznan.pl\/krysztalki2023\/wp-json\/wp\/v2\/users\/2"}],"replies":[{"embeddable":true,"href":"https:\/\/www.ifmpan.poznan.pl\/krysztalki2023\/wp-json\/wp\/v2\/comments?post=166"}],"version-history":[{"count":52,"href":"https:\/\/www.ifmpan.poznan.pl\/krysztalki2023\/wp-json\/wp\/v2\/pages\/166\/revisions"}],"predecessor-version":[{"id":538,"href":"https:\/\/www.ifmpan.poznan.pl\/krysztalki2023\/wp-json\/wp\/v2\/pages\/166\/revisions\/538"}],"wp:attachment":[{"href":"https:\/\/www.ifmpan.poznan.pl\/krysztalki2023\/wp-json\/wp\/v2\/media?parent=166"}],"curies":[{"name":"wp","href":"https:\/\/api.w.org\/{rel}","templated":true}]}}