{"id":454,"date":"2023-05-10T13:26:55","date_gmt":"2023-05-10T12:26:55","guid":{"rendered":"https:\/\/www.ifmpan.poznan.pl\/nocnaukowcow\/?page_id=454"},"modified":"2024-09-11T11:59:06","modified_gmt":"2024-09-11T10:59:06","slug":"noc-naukowcow-2023","status":"publish","type":"page","link":"https:\/\/www.ifmpan.poznan.pl\/nocnaukowcow\/noc-naukowcow-2023\/","title":{"rendered":"Noc Naukowc\u00f3w 2023"},"content":{"rendered":"\n<figure class=\"wp-block-embed is-type-video is-provider-youtube wp-block-embed-youtube wp-embed-aspect-16-9 wp-has-aspect-ratio\"><div class=\"wp-block-embed__wrapper\">\n<iframe loading=\"lazy\" title=\"Zaproszenie na Noc Naukowc\u00f3w 2023 w IFM PAN\" width=\"500\" height=\"281\" src=\"https:\/\/www.youtube.com\/embed\/Io1mpuQqdDA?feature=oembed\" frameborder=\"0\" allow=\"accelerometer; autoplay; clipboard-write; encrypted-media; gyroscope; picture-in-picture; web-share\" referrerpolicy=\"strict-origin-when-cross-origin\" allowfullscreen><\/iframe>\n<\/div><\/figure>\n\n\n\n<p class=\"has-text-align-center has-large-font-size\"><a href=\"https:\/\/www.ifmpan.poznan.pl\/nocnaukowcow\/wp-content\/uploads\/2023\/12\/Folder-NN2023.pdf\">Program wydarze\u0144 Nocy Naukowc\u00f3w organizowanych przez Instytut Fizyki Molekularnej PAN<\/a><\/p>\n\n\n\n<figure class=\"wp-block-image aligncenter size-full\"><a href=\"https:\/\/www.ifmpan.poznan.pl\/nocnaukowcow\/wp-content\/uploads\/2023\/12\/Folder-NN2023.pdf\"><img loading=\"lazy\" decoding=\"async\" width=\"603\" height=\"854\" src=\"https:\/\/www.ifmpan.poznan.pl\/nocnaukowcow\/wp-content\/uploads\/2023\/09\/Plan-2023.png\" alt=\"\" class=\"wp-image-511\" srcset=\"https:\/\/www.ifmpan.poznan.pl\/nocnaukowcow\/wp-content\/uploads\/2023\/09\/Plan-2023.png 603w, https:\/\/www.ifmpan.poznan.pl\/nocnaukowcow\/wp-content\/uploads\/2023\/09\/Plan-2023-212x300.png 212w\" sizes=\"auto, (max-width: 603px) 100vw, 603px\" \/><\/a><\/figure>\n\n\n\n<p class=\"has-text-align-center has-large-font-size\"><a href=\"https:\/\/www.ifmpan.poznan.pl\/nocnaukowcow\/galeria-nocy-naukowcow\/\" data-type=\"page\" data-id=\"760\">Zobacz galeri\u0119 zdj\u0119\u0107 z Nocy Naukowc\u00f3w 2023 w IFM PAN<\/a><\/p>\n\n\n\n<h2 class=\"wp-block-heading\">Pre-Eventy 2023<\/h2>\n\n\n\n<div class=\"wp-block-columns is-layout-flex wp-container-core-columns-is-layout-28f84493 wp-block-columns-is-layout-flex\">\n<div class=\"wp-block-column is-vertically-aligned-center is-layout-flow wp-block-column-is-layout-flow\" style=\"flex-basis:430px\"><div class=\"n2-section-smartslider fitvidsignore  n2_clear\" data-ssid=\"4\"><div id=\"n2-ss-4-align\" class=\"n2-ss-align\"><div class=\"n2-padding\"><div id=\"n2-ss-4\" data-creator=\"Smart Slider 3\" data-responsive=\"auto\" class=\"n2-ss-slider n2-ow n2-has-hover n2notransition  \"><div class=\"n2-ss-slider-wrapper-inside\">\n        <div class=\"n2-ss-slider-1 n2_ss__touch_element n2-ow\">\n            <div class=\"n2-ss-slider-2 n2-ow\">\n                                                <div class=\"n2-ss-slider-3 n2-ow\">\n\n                    <div class=\"n2-ss-slide-backgrounds n2-ow-all\"><div class=\"n2-ss-slide-background\" data-public-id=\"1\" data-mode=\"fill\"><div class=\"n2-ss-slide-background-image\" data-blur=\"0\" data-opacity=\"100\" data-x=\"50\" data-y=\"50\" data-alt=\"Spotkanie z naukowcem w Zespole Szk\u00f3\u0142 nr 8 w Poznaniu\" data-title=\"\"><picture class=\"skip-lazy\" data-skip-lazy=\"1\"><img decoding=\"async\" src=\"\/\/www.ifmpan.poznan.pl\/nocnaukowcow\/wp-content\/uploads\/2023\/05\/naukowcy_w_przedszkolu_300px.png\" alt=\"Spotkanie z naukowcem w Zespole Szk\u00f3\u0142 nr 8 w Poznaniu\" title=\"\" loading=\"lazy\" class=\"skip-lazy\" data-skip-lazy=\"1\"><\/picture><\/div><div data-color=\"RGBA(255,255,255,0)\" style=\"background-color: RGBA(255,255,255,0);\" class=\"n2-ss-slide-background-color\"><\/div><\/div><div class=\"n2-ss-slide-background\" data-public-id=\"2\" data-mode=\"fill\"><div class=\"n2-ss-slide-background-image\" data-blur=\"0\" data-opacity=\"100\" data-x=\"50\" data-y=\"50\" data-alt=\"Spotkanie z naukowcem w Zespole Szk\u00f3\u0142 nr 8 w Poznaniu\" data-title=\"\"><picture class=\"skip-lazy\" data-skip-lazy=\"1\"><img decoding=\"async\" src=\"https:\/\/www.ifmpan.poznan.pl\/nocnaukowcow\/wp-content\/uploads\/2023\/09\/20230624_133007.jpg\" alt=\"Spotkanie z naukowcem w Zespole Szk\u00f3\u0142 nr 8 w Poznaniu\" title=\"\" loading=\"lazy\" class=\"skip-lazy\" data-skip-lazy=\"1\"><\/picture><\/div><div data-color=\"RGBA(255,255,255,0)\" style=\"background-color: RGBA(255,255,255,0);\" class=\"n2-ss-slide-background-color\"><\/div><\/div><div class=\"n2-ss-slide-background\" data-public-id=\"3\" data-mode=\"fill\"><div class=\"n2-ss-slide-background-image\" data-blur=\"0\" data-opacity=\"100\" data-x=\"50\" data-y=\"50\" data-alt=\"Spotkanie z naukowcem w Zespole Szk\u00f3\u0142 nr 8 w Poznaniu\" data-title=\"\"><picture class=\"skip-lazy\" data-skip-lazy=\"1\"><img decoding=\"async\" src=\"\/\/www.ifmpan.poznan.pl\/nocnaukowcow\/wp-content\/uploads\/2023\/05\/naukowcy_w_szkole_1440.jpg\" alt=\"Spotkanie z naukowcem w Zespole Szk\u00f3\u0142 nr 8 w Poznaniu\" title=\"\" loading=\"lazy\" class=\"skip-lazy\" data-skip-lazy=\"1\"><\/picture><\/div><div data-color=\"RGBA(255,255,255,0)\" style=\"background-color: RGBA(255,255,255,0);\" class=\"n2-ss-slide-background-color\"><\/div><\/div><div class=\"n2-ss-slide-background\" data-public-id=\"4\" data-mode=\"fill\"><div class=\"n2-ss-slide-background-image\" data-blur=\"0\" data-opacity=\"100\" data-x=\"50\" data-y=\"50\" data-alt=\"Spotkanie z naukowcem w Zespole Szk\u00f3\u0142 nr 8 w Poznaniu\" data-title=\"\"><picture class=\"skip-lazy\" data-skip-lazy=\"1\"><img decoding=\"async\" src=\"\/\/www.ifmpan.poznan.pl\/nocnaukowcow\/wp-content\/uploads\/2023\/09\/20230805_125132.jpg\" alt=\"Spotkanie z naukowcem w Zespole Szk\u00f3\u0142 nr 8 w Poznaniu\" title=\"\" loading=\"lazy\" class=\"skip-lazy\" data-skip-lazy=\"1\"><\/picture><\/div><div data-color=\"RGBA(255,255,255,0)\" style=\"background-color: RGBA(255,255,255,0);\" class=\"n2-ss-slide-background-color\"><\/div><\/div><\/div>                    <div class=\"n2-ss-slider-4 n2-ow\">\n                        <svg xmlns=\"http:\/\/www.w3.org\/2000\/svg\" viewBox=\"0 0 430 230\" data-related-device=\"desktopPortrait\" class=\"n2-ow n2-ss-preserve-size n2-ss-preserve-size--slider n2-ss-slide-limiter\"><\/svg><div data-first=\"1\" data-slide-duration=\"0\" data-id=\"17\" data-slide-public-id=\"1\" data-title=\"Naukowcy w publicznym przedszkolu &quot;Le\u015bne Skrzaty&quot; w Prze\u017amierowie\" data-haslink=\"1\" data-href=\"2023\/05\/22\/naukowcy-w-publicznym-przedszkolu-lesne-skrzaty-w-przezmierowie\/\" tabindex=\"0\" role=\"button\" data-n2click=\"url\" data-force-pointer=\"\" class=\"n2-ss-slide n2-ow  n2-ss-slide-17\"><div role=\"note\" class=\"n2-ss-slide--focus\">Naukowcy w publicznym przedszkolu &#8222;Le\u015bne Skrzaty&#8221; w Prze\u017amierowie<\/div><div class=\"n2-ss-layers-container n2-ss-slide-limiter n2-ow\"><div class=\"n2-ss-layer n2-ow n-uc-Ht1yNFAUJw55\" data-sstype=\"slide\" data-pm=\"default\"><div class=\"n2-ss-layer n2-ow n-uc-TG7jaB4kHe4u\" data-pm=\"default\" data-hidedesktopportrait=\"1\" data-sstype=\"content\" data-hasbackground=\"1\"><div class=\"n2-ss-section-main-content n2-ss-layer-with-background n2-ss-layer-content n2-ow n-uc-TG7jaB4kHe4u-inner\"><\/div><\/div><\/div><\/div><\/div><div data-slide-duration=\"0\" data-id=\"82\" data-slide-public-id=\"2\" data-title=\"Naukowcy w siedzibie Fundacji Stworzenia Pana Smolenia w Baran\u00f3wku\" data-haslink=\"1\" data-href=\"https:\/\/www.ifmpan.poznan.pl\/nocnaukowcow\/2023\/09\/25\/naukowcy-w-siedzibie-fundacji-stworzenia-pana-smolenia-w-baranowku\/\" tabindex=\"0\" role=\"button\" data-n2click=\"url\" data-force-pointer=\"\" class=\"n2-ss-slide n2-ow  n2-ss-slide-82\"><div role=\"note\" class=\"n2-ss-slide--focus\">Naukowcy w siedzibie Fundacji Stworzenia Pana Smolenia w Baran\u00f3wku<\/div><div class=\"n2-ss-layers-container n2-ss-slide-limiter n2-ow\"><div class=\"n2-ss-layer n2-ow n-uc-2HWJIEbsHYch\" data-sstype=\"slide\" data-pm=\"default\"><div class=\"n2-ss-layer n2-ow n-uc-1ef0610fcb63d\" data-pm=\"default\" data-sstype=\"content\" data-hasbackground=\"1\"><div class=\"n2-ss-section-main-content n2-ss-layer-with-background n2-ss-layer-content n2-ow n-uc-1ef0610fcb63d-inner\"><\/div><\/div><\/div><\/div><\/div><div data-slide-duration=\"0\" data-id=\"83\" data-slide-public-id=\"3\" data-title=\"Spotkanie z naukowcem w Zespole Szk\u00f3\u0142 nr 8 w Poznaniu\" data-haslink=\"1\" data-href=\"https:\/\/www.ifmpan.poznan.pl\/nocnaukowcow\/2023\/05\/22\/spotkanie-z-naukowcem-w-zespole-szkol-nr-8-w-poznaniu\/\" tabindex=\"0\" role=\"button\" data-n2click=\"url\" data-force-pointer=\"\" class=\"n2-ss-slide n2-ow  n2-ss-slide-83\"><div role=\"note\" class=\"n2-ss-slide--focus\">Spotkanie z naukowcem w Zespole Szk\u00f3\u0142 nr 8 w Poznaniu<\/div><div class=\"n2-ss-layers-container n2-ss-slide-limiter n2-ow\"><div class=\"n2-ss-layer n2-ow n-uc-nIL3ZcJAmRdO\" data-sstype=\"slide\" data-pm=\"default\"><div class=\"n2-ss-layer n2-ow n-uc-DPij1GfFw10x\" data-pm=\"default\" data-hidedesktopportrait=\"1\" data-sstype=\"content\" data-hasbackground=\"1\"><div class=\"n2-ss-section-main-content n2-ss-layer-with-background n2-ss-layer-content n2-ow n-uc-DPij1GfFw10x-inner\"><\/div><\/div><\/div><\/div><\/div><div data-slide-duration=\"0\" data-id=\"84\" data-slide-public-id=\"4\" data-title=\"Naukowcy na Arena Festiwal. Nowa Energia w Jastrowiu\" data-haslink=\"1\" data-href=\"https:\/\/www.ifmpan.poznan.pl\/nocnaukowcow\/2023\/09\/25\/naukowcy-na-arena-festiwal-nowa-energia-w-jastrowiu\/\" tabindex=\"0\" role=\"button\" data-n2click=\"url\" data-force-pointer=\"\" class=\"n2-ss-slide n2-ow  n2-ss-slide-84\"><div role=\"note\" class=\"n2-ss-slide--focus\">Naukowcy na Arena Festiwal. Nowa Energia w Jastrowiu<\/div><div class=\"n2-ss-layers-container n2-ss-slide-limiter n2-ow\"><div class=\"n2-ss-layer n2-ow n-uc-0i3puRpOufC1\" data-sstype=\"slide\" data-pm=\"default\"><div class=\"n2-ss-layer n2-ow n-uc-S1Sf084tR1B9\" data-pm=\"default\" data-hidedesktopportrait=\"1\" data-sstype=\"content\" data-hasbackground=\"1\"><div class=\"n2-ss-section-main-content n2-ss-layer-with-background n2-ss-layer-content n2-ow n-uc-S1Sf084tR1B9-inner\"><\/div><\/div><\/div><\/div><\/div>                    <\/div>\n\n                                    <\/div>\n            <\/div>\n        <\/div>\n        <div class=\"n2-ss-slider-controls n2-ss-slider-controls-absolute-left-center\"><div style=\"--widget-offset:15px;\" class=\"n2-ss-widget nextend-arrow n2-ow-all nextend-arrow-previous  nextend-arrow-animated-fade\" data-hide-mobileportrait=\"1\" id=\"n2-ss-4-arrow-previous\" role=\"button\" aria-label=\"previous arrow\" tabindex=\"0\"><img loading=\"lazy\" decoding=\"async\" width=\"32\" height=\"32\" class=\"skip-lazy\" data-skip-lazy=\"1\" src=\"data:image\/svg+xml;base64,PHN2ZyB3aWR0aD0iMzIiIGhlaWdodD0iMzIiIHZpZXdCb3g9IjAgMCAzMiAzMiIgeG1sbnM9Imh0dHA6Ly93d3cudzMub3JnLzIwMDAvc3ZnIj4KICAgIDxwYXRoIGQ9Ik0xMS40MzMgMTUuOTkyTDIyLjY5IDUuNzEyYy4zOTMtLjM5LjM5My0xLjAzIDAtMS40Mi0uMzkzLS4zOS0xLjAzLS4zOS0xLjQyMyAwbC0xMS45OCAxMC45NGMtLjIxLjIxLS4zLjQ5LS4yODUuNzYtLjAxNS4yOC4wNzUuNTYuMjg0Ljc3bDExLjk4IDEwLjk0Yy4zOTMuMzkgMS4wMy4zOSAxLjQyNCAwIC4zOTMtLjQuMzkzLTEuMDMgMC0xLjQybC0xMS4yNTctMTAuMjkiCiAgICAgICAgICBmaWxsPSIjZmZmZmZmIiBvcGFjaXR5PSIwLjgiIGZpbGwtcnVsZT0iZXZlbm9kZCIvPgo8L3N2Zz4=\" alt=\"previous arrow\"><\/div><\/div><div class=\"n2-ss-slider-controls n2-ss-slider-controls-absolute-right-center\"><div style=\"--widget-offset:15px;\" class=\"n2-ss-widget nextend-arrow n2-ow-all nextend-arrow-next  nextend-arrow-animated-fade\" data-hide-mobileportrait=\"1\" id=\"n2-ss-4-arrow-next\" role=\"button\" aria-label=\"next arrow\" tabindex=\"0\"><img loading=\"lazy\" decoding=\"async\" width=\"32\" height=\"32\" class=\"skip-lazy\" data-skip-lazy=\"1\" src=\"data:image\/svg+xml;base64,PHN2ZyB3aWR0aD0iMzIiIGhlaWdodD0iMzIiIHZpZXdCb3g9IjAgMCAzMiAzMiIgeG1sbnM9Imh0dHA6Ly93d3cudzMub3JnLzIwMDAvc3ZnIj4KICAgIDxwYXRoIGQ9Ik0xMC43MjIgNC4yOTNjLS4zOTQtLjM5LTEuMDMyLS4zOS0xLjQyNyAwLS4zOTMuMzktLjM5MyAxLjAzIDAgMS40MmwxMS4yODMgMTAuMjgtMTEuMjgzIDEwLjI5Yy0uMzkzLjM5LS4zOTMgMS4wMiAwIDEuNDIuMzk1LjM5IDEuMDMzLjM5IDEuNDI3IDBsMTIuMDA3LTEwLjk0Yy4yMS0uMjEuMy0uNDkuMjg0LS43Ny4wMTQtLjI3LS4wNzYtLjU1LS4yODYtLjc2TDEwLjcyIDQuMjkzeiIKICAgICAgICAgIGZpbGw9IiNmZmZmZmYiIG9wYWNpdHk9IjAuOCIgZmlsbC1ydWxlPSJldmVub2RkIi8+Cjwvc3ZnPg==\" alt=\"next arrow\"><\/div><\/div><\/div><\/div><ss3-loader><\/ss3-loader><\/div><\/div><div class=\"n2_clear\"><\/div><\/div><\/div>\n<\/div>\n\n\n\n<p><a href=\"https:\/\/www.facebook.com\/zsnr8poznan\/posts\/pfbid021oDVudnbypimPEQaAWQXGSKEDGo96ayMeFWLHnknnytv3dm2TvPGnERVPfDVcMR9l?mibextid=YxdKMJ\">Wizyta klas 4 z Zespo\u0142u Szk\u00f3\u0142 nr 8 w Poznaniu w IFM PAN w ramach spotkania z naukowcami<\/a><br><a href=\"https:\/\/www.ifmpan.poznan.pl\/nocnaukowcow\/2023\/05\/22\/naukowcy-w-publicznym-przedszkolu-lesne-skrzaty-w-przezmierowie\/\">Naukowcy w publicznym przedszkolu \u201eLe\u015bne Skrzaty\u201d w Prze\u017amierowie<\/a><br><a href=\"https:\/\/www.ifmpan.poznan.pl\/nocnaukowcow\/2023\/05\/22\/spotkanie-z-naukowcem-w-zespole-szkol-nr-8-w-poznaniu\/\">Spotkanie z naukowcem w Zespole Szk\u00f3\u0142 nr 8 w Poznaniu<\/a><br><a href=\"https:\/\/www.ifmpan.poznan.pl\/nocnaukowcow\/2023\/09\/25\/naukowcy-w-siedzibie-fundacji-stworzenia-pana-smolenia-w-baranowku\/\">Naukowcy w siedzibie Fundacji Stworzenia Pana Smolenia w Baran\u00f3wku<\/a><br><a href=\"https:\/\/www.ifmpan.poznan.pl\/nocnaukowcow\/2023\/09\/25\/naukowcy-na-arena-festiwal-nowa-energia-w-jastrowiu\/\">Naukowcy na Arena Festiwal. Nowa Energia w Jastrowiu<\/a><\/p>\n\n\n\n<h2 class=\"wp-block-heading\">Sk\u0142ad Komitetu Organizacyjnego<br>Nocy Naukowc\u00f3w 2023<\/h2>\n\n\n\n<ul class=\"wp-block-list\">\n<li>dr in\u017c. Dorota Dardas<\/li>\n\n\n\n<li>dr Andrzej Hilczer<\/li>\n\n\n\n<li>dr in\u017c. Magdalena Knapkiewicz<\/li>\n\n\n\n<li>dr in\u017c. Adam Mizera<\/li>\n\n\n\n<li>dr in\u017c. Andrzej Musia\u0142<\/li>\n\n\n\n<li>dr in\u017c. Karol Synoradzki<\/li>\n\n\n\n<li>dr in\u017c. Sylwia Zi\u0119ba<\/li>\n\n\n\n<li>mgr Pawe\u0142 Le\u015bniak<\/li>\n<\/ul>\n\n\n\n<div class=\"wp-block-group alignwide has-foreground-background-color has-background is-layout-constrained wp-block-group-is-layout-constrained\">\n<h3 class=\"wp-block-heading has-text-align-center has-black-color has-text-color has-link-color wp-elements-f58d0c3601abbf918e0d6a14f9c088d1\">Noc Naukowc\u00f3w 2023<\/h3>\n\n\n\n<div class=\"wp-block-columns is-layout-flex wp-container-core-columns-is-layout-2d7698b3 wp-block-columns-is-layout-flex\" style=\"padding-right:0;padding-left:0\">\n<div class=\"wp-block-column is-vertically-aligned-center is-layout-flow wp-block-column-is-layout-flow\">\n<figure class=\"wp-block-image aligncenter size-large\"><img loading=\"lazy\" decoding=\"async\" width=\"1024\" height=\"215\" src=\"https:\/\/www.ifmpan.poznan.pl\/nocnaukowcow\/wp-content\/uploads\/2022\/09\/Logo-UR-1024x215.jpg\" alt=\"Finansowane przez Uni\u0119 Europejsk\u0105\" class=\"wp-image-186\" srcset=\"https:\/\/www.ifmpan.poznan.pl\/nocnaukowcow\/wp-content\/uploads\/2022\/09\/Logo-UR-1024x215.jpg 1024w, https:\/\/www.ifmpan.poznan.pl\/nocnaukowcow\/wp-content\/uploads\/2022\/09\/Logo-UR-300x63.jpg 300w, https:\/\/www.ifmpan.poznan.pl\/nocnaukowcow\/wp-content\/uploads\/2022\/09\/Logo-UR-768x161.jpg 768w, https:\/\/www.ifmpan.poznan.pl\/nocnaukowcow\/wp-content\/uploads\/2022\/09\/Logo-UR-1536x322.jpg 1536w, https:\/\/www.ifmpan.poznan.pl\/nocnaukowcow\/wp-content\/uploads\/2022\/09\/Logo-UR-2048x430.jpg 2048w\" sizes=\"auto, (max-width: 1024px) 100vw, 1024px\" \/><\/figure>\n<\/div>\n\n\n\n<div class=\"wp-block-column is-layout-flow wp-block-column-is-layout-flow\">\n<p class=\"has-black-color has-text-color has-link-color has-small-font-size wp-elements-f650d192d958a3085b195dca87a6a666\">This European Researchers\u2019 Night project is funded by the European Commission -101061250 \u2013 NIGHT 4FUTURE \u2013 HORIZON-MSCA-2022-CITIZENS-01<\/p>\n\n\n\n<p class=\"has-black-color has-text-color has-link-color has-small-font-size wp-elements-53cafa548c49f2a44e12afdc43e49a94\">Finansowane przez Uni\u0119 Europejsk\u0105 w ramach projektu:<br>101061250 \u2013 NIGHT 4FUTURE \u2013 HORIZON-MSCA-2022-CITIZENS-01<\/p>\n<\/div>\n<\/div>\n<\/div>\n","protected":false},"excerpt":{"rendered":"<p>Program wydarze\u0144 Nocy Naukowc\u00f3w organizowanych przez Instytut Fizyki Molekularnej PAN Zobacz galeri\u0119 zdj\u0119\u0107 z Nocy Naukowc\u00f3w 2023 w IFM PAN Pre-Eventy 2023 Wizyta klas 4 z Zespo\u0142u Szk\u00f3\u0142 nr 8 w Poznaniu w IFM PAN w ramach spotkania z naukowcamiNaukowcy w publicznym przedszkolu \u201eLe\u015bne Skrzaty\u201d w Prze\u017amierowieSpotkanie z naukowcem w Zespole Szk\u00f3\u0142 nr 8 w [&hellip;]<\/p>\n","protected":false},"author":4,"featured_media":0,"parent":0,"menu_order":0,"comment_status":"closed","ping_status":"closed","template":"","meta":{"ngg_post_thumbnail":0,"footnotes":""},"class_list":["post-454","page","type-page","status-publish","hentry"],"_links":{"self":[{"href":"https:\/\/www.ifmpan.poznan.pl\/nocnaukowcow\/wp-json\/wp\/v2\/pages\/454","targetHints":{"allow":["GET"]}}],"collection":[{"href":"https:\/\/www.ifmpan.poznan.pl\/nocnaukowcow\/wp-json\/wp\/v2\/pages"}],"about":[{"href":"https:\/\/www.ifmpan.poznan.pl\/nocnaukowcow\/wp-json\/wp\/v2\/types\/page"}],"author":[{"embeddable":true,"href":"https:\/\/www.ifmpan.poznan.pl\/nocnaukowcow\/wp-json\/wp\/v2\/users\/4"}],"replies":[{"embeddable":true,"href":"https:\/\/www.ifmpan.poznan.pl\/nocnaukowcow\/wp-json\/wp\/v2\/comments?post=454"}],"version-history":[{"count":25,"href":"https:\/\/www.ifmpan.poznan.pl\/nocnaukowcow\/wp-json\/wp\/v2\/pages\/454\/revisions"}],"predecessor-version":[{"id":823,"href":"https:\/\/www.ifmpan.poznan.pl\/nocnaukowcow\/wp-json\/wp\/v2\/pages\/454\/revisions\/823"}],"wp:attachment":[{"href":"https:\/\/www.ifmpan.poznan.pl\/nocnaukowcow\/wp-json\/wp\/v2\/media?parent=454"}],"curies":[{"name":"wp","href":"https:\/\/api.w.org\/{rel}","templated":true}]}}