{"id":59,"date":"2022-08-24T19:43:48","date_gmt":"2022-08-24T18:43:48","guid":{"rendered":"https:\/\/www.ifmpan.poznan.pl\/nn\/?page_id=59"},"modified":"2022-08-24T19:43:48","modified_gmt":"2022-08-24T18:43:48","slug":"polityka-cookies","status":"publish","type":"page","link":"https:\/\/www.ifmpan.poznan.pl\/nocnaukowcow\/polityka-cookies\/","title":{"rendered":"Polityka cookies"},"content":{"rendered":"\n<p>Pliki cookies u\u017cywane s\u0105 przez witryn\u0119 IFM PAN od kilku lat. Wy\u015bwietlanie obecnie informacji z pro\u015bb\u0105 o zgod\u0119 na stosowanie plik\u00f3w cookies wynika z przepis\u00f3w znowelizowanej ustawy Prawa Telekomunikacyjnego. Celem tej zmiany jest zwi\u0119kszenie \u015bwiadomo\u015bci internaut\u00f3w na temat stosowanych technologii oferuj\u0105cych przedstawianie tre\u015bci lepiej dostosowanych do ich preferencji i zainteresowa\u0144.<\/p>\n\n\n\n<p>Pliki cookies (ciasteczka) s\u0105 to niedu\u017ce pliki tekstowe wysy\u0142ane przez serwis internetowy, kt\u00f3ry odwiedzamy i zapisywane na urz\u0105dzeniu ko\u0144cowym (np. komputerze, laptopie, tablecie, smartfonie), kt\u00f3rego uzywamy do przegl\u0105dania stron internetowych.<\/p>\n\n\n\n<p>Podmiotem umieszczaj\u0105cym informacje w formie plik\u00f3w cookies i innych podobnych technologii w urz\u0105dzeniu U\u017cytkownika oraz uzyskuj\u0105cym do nich dost\u0119p jest Instytut Fizyki Molekularnej PAN.<br>Plik\u00f3w cookies mog\u0105 r\u00f3wnie\u017c u\u017cywa\u0107 podmioty wsp\u00f3\u0142pracuj\u0105ce z IFM PAN, m.in. partnerzy \u015bwiadcz\u0105cy us\u0142ugi analityczne, organizatorzy sympozjum, konferencji itp.<\/p>\n\n\n\n<p>Ciasteczka zapisywane przez IFM PAN nie s\u0142u\u017c\u0105 identyfikacji u\u017cytkownika (z wyj\u0105tkiem stron, kt\u00f3re wymagaj\u0105 zalogowania) i na ich podstawie nie jest ustalana to\u017csamo\u015b\u0107 u\u017cytkownika. U\u017cywamy ich m.in. do zapisania preferowanego przez u\u017cytkownika j\u0119zyka witryny, konfiguracji niekt\u00f3rych stron oraz informacji niezb\u0119dnych dla serwera www Instytutu w trakcie trwania sesji przegl\u0105darki.<\/p>\n\n\n\n<h3 class=\"wp-block-heading\">Zarz\u0105dzanie plikami cookie<\/h3>\n\n\n\n<p>Przegl\u0105darki internetowe stosowane przez u\u017cytkownik\u00f3w umo\u017cliwiaj\u0105 zarz\u0105dzanie plikami cookie. Ustawienia domy\u015blne zazwyczaj zezwalaj\u0105 na zapisywanie takich plik\u00f3w &#8211; poni\u017cej przedstawiamy jak mo\u017cna zmieni\u0107 ustawienia dotycz\u0105ce ciasteczek w najpopularniejszych przegl\u0105darkach:<\/p>\n\n\n\n<ul class=\"wp-block-list\"><li><a href=\"http:\/\/support.mozilla.org\/pl\/products\/firefox\/cookies\">Mozilla Firefox<\/a><\/li><li><a href=\"http:\/\/support.microsoft.com\/kb\/196955\/pl\">Internet Explorer<\/a><\/li><li><a href=\"http:\/\/support.google.com\/chrome\/bin\/answer.py?hl=pl&amp;answer=95647\">Chrome<\/a><\/li><li><a href=\"http:\/\/help.opera.com\/Linux\/9.22\/pl\/cookies.html\">Opera<\/a><\/li><\/ul>\n\n\n\n<h3 class=\"wp-block-heading\">Odno\u015bniki do innych stron<\/h3>\n\n\n\n<p>Serwis IFM PAN zawiera odno\u015bniki do innych stron WWW, kt\u00f3re nie s\u0105 przez nas zarz\u0105dzane. Nie ponosimy odpowiedzialno\u015bci za zasady zachowania prywatno\u015bci obowi\u0105zuj\u0105ce na tych stronach i namawiamy, by zapozna\u0107 si\u0119 z ustalon\u0105 tam polityk\u0105 prywatno\u015bci.<\/p>\n","protected":false},"excerpt":{"rendered":"<p>Pliki cookies u\u017cywane s\u0105 przez witryn\u0119 IFM PAN od kilku lat. Wy\u015bwietlanie obecnie informacji z pro\u015bb\u0105 o zgod\u0119 na stosowanie plik\u00f3w cookies wynika z przepis\u00f3w znowelizowanej ustawy Prawa Telekomunikacyjnego. Celem tej zmiany jest zwi\u0119kszenie \u015bwiadomo\u015bci internaut\u00f3w na temat stosowanych technologii oferuj\u0105cych przedstawianie tre\u015bci lepiej dostosowanych do ich preferencji i zainteresowa\u0144. Pliki cookies (ciasteczka) s\u0105 to [&hellip;]<\/p>\n","protected":false},"author":2,"featured_media":0,"parent":0,"menu_order":0,"comment_status":"closed","ping_status":"closed","template":"","meta":{"ngg_post_thumbnail":0,"footnotes":""},"class_list":["post-59","page","type-page","status-publish","hentry"],"_links":{"self":[{"href":"https:\/\/www.ifmpan.poznan.pl\/nocnaukowcow\/wp-json\/wp\/v2\/pages\/59","targetHints":{"allow":["GET"]}}],"collection":[{"href":"https:\/\/www.ifmpan.poznan.pl\/nocnaukowcow\/wp-json\/wp\/v2\/pages"}],"about":[{"href":"https:\/\/www.ifmpan.poznan.pl\/nocnaukowcow\/wp-json\/wp\/v2\/types\/page"}],"author":[{"embeddable":true,"href":"https:\/\/www.ifmpan.poznan.pl\/nocnaukowcow\/wp-json\/wp\/v2\/users\/2"}],"replies":[{"embeddable":true,"href":"https:\/\/www.ifmpan.poznan.pl\/nocnaukowcow\/wp-json\/wp\/v2\/comments?post=59"}],"version-history":[{"count":1,"href":"https:\/\/www.ifmpan.poznan.pl\/nocnaukowcow\/wp-json\/wp\/v2\/pages\/59\/revisions"}],"predecessor-version":[{"id":60,"href":"https:\/\/www.ifmpan.poznan.pl\/nocnaukowcow\/wp-json\/wp\/v2\/pages\/59\/revisions\/60"}],"wp:attachment":[{"href":"https:\/\/www.ifmpan.poznan.pl\/nocnaukowcow\/wp-json\/wp\/v2\/media?parent=59"}],"curies":[{"name":"wp","href":"https:\/\/api.w.org\/{rel}","templated":true}]}}